0, -12*q = 3*i - 11*q - 102. Calculate the highest common divisor of i and 731.
17
Suppose 0 = u - 2*q - 56, -7*q + 56 = u - 3*q. What is the greatest common factor of 14 and u?
14
Suppose 2*j = -a + 176, -103*j - 5*a + 364 = -99*j. Calculate the greatest common divisor of j and 1978.
86
Let q = 725 + -543. What is the greatest common divisor of q and 14?
14
Let t be 50/(-2) + (148 - -101). Suppose c - 228 = -3*d - d, 5*d + 5*c - 300 = 0. What is the greatest common factor of t and d?
56
Let n = -171 - -227. What is the highest common divisor of n and 40?
8
Let k = -968 - -978. Calculate the greatest common divisor of k and 790.
10
Suppose 6*h - 107 - 109 = 0. Suppose t - 3 = 21. What is the highest common divisor of t and h?
12
Suppose -76 = -z - 21. Suppose m - z = -4*m. Suppose 0*v = 2*s + 3*v - m, 2*v = -2. What is the highest common divisor of 35 and s?
7
Suppose 4*m - 1400 = 3*v - 2*v, -5*m = 2*v - 1750. Calculate the greatest common divisor of m and 28.
14
Let o = 43 + -53. Let y(q) = 3 - q**3 - q - q - 9*q**2 + 6*q. Let u be y(o). What is the greatest common divisor of 9 and u?
9
Let s = -1035 - -1089. What is the highest common divisor of s and 1890?
54
Let n(s) = s**2 + s - 1. Let h be n(7). Suppose 4*z + h = 247. Let p = -40 + 52. Calculate the highest common factor of p and z.
12
Suppose -2*t = 2*d - 372, -9*t + 894 = 5*d - 13*t. What is the greatest common factor of d and 13?
13
Let g(t) = -37*t + 7. Let q be g(-1). Calculate the greatest common divisor of 110 and q.
22
Let i be (-137093)/(-412) + (-3)/4 + 1. Calculate the greatest common factor of i and 18.
9
Let i = 2447 - 1497. Calculate the highest common factor of 50 and i.
50
Suppose o + 2*u + 2*u = -101, 3*o - 2*u + 275 = 0. Let s = o + 98. What is the greatest common factor of 40 and s?
5
Let x(a) = -8*a - 56. Let q be x(-18). Calculate the highest common factor of q and 44.
44
Let v = -364 + 409. What is the highest common factor of 765 and v?
45
Suppose k - 319 = -4*h, 42*h + 5*k = 43*h - 106. What is the greatest common divisor of h and 12?
3
Suppose 4*c = -16, 2*r = c - 2*c - 2. Let l be 61 - r - (-12 - -9). What is the highest common divisor of 7 and l?
7
Let x(o) = -o**3 + 3*o**2 + 10*o. Let c be x(-4). What is the greatest common divisor of 9 and c?
9
Suppose -2211*k + 2209*k + 232 = 0. Calculate the greatest common divisor of k and 319.
29
Let l be 1*2/4*34. Let d be (l/(-1) + 2)*-2. Suppose 95 = 4*c + 5*p, -3*p - 71 = c - 5*c. Calculate the greatest common factor of d and c.
10
Suppose 0 = -84*n + 86*n - 66. Suppose -n*j + 220 = -29*j. Calculate the highest common divisor of j and 11.
11
Let j(b) = -13*b + 178. Let x be j(12). What is the greatest common divisor of x and 1474?
22
Suppose 4*n - 7*m - 30 = -8*m, -3*n + 29 = 4*m. Calculate the greatest common factor of n and 469.
7
Let w(h) = h. Let u(r) = -r**3 - 24*r**2 + 25*r - 19. Let o(f) = u(f) - w(f). Let x be o(-25). What is the greatest common divisor of x and 78?
6
Suppose 53 = 2*n - 523. What is the greatest common divisor of n and 18?
18
Let b(c) = 52*c + 24. Let p be b(1). Calculate the greatest common factor of p and 19.
19
Suppose -b - 4*b = 4*t - 19, -3*t - b + 28 = 0. Suppose -701*r + 733*r - 2816 = 0. What is the greatest common divisor of r and t?
11
Suppose 0 = -2*k - g + 109, -4*k + 194 = g - 19. Let f = -49 + k. Calculate the highest common factor of 12 and f.
3
Suppose 12 - 6 = 3*d. Let s = 16 - 12. Suppose 0 = 2*j - s*y - 12, -d*y + 54 = j + 3*j. What is the greatest common factor of j and 84?
12
Let l be -5*(0 - (2 + -1)). Let x(t) = 2*t**2 - 7*t - 3. Let r be x(l). What is the highest common divisor of r and 30?
6
Let j = 68 - -79. What is the highest common divisor of 3 and j?
3
Let d = 38 - 53. Let y be d/(((-2)/(-40))/((-8)/48)). Calculate the greatest common divisor of 10 and y.
10
Let y(u) = -u**3 - 4*u**2 + 6*u + 1. Let p be y(-6). Let k = p + -24. Let i = -177 + 294. Calculate the greatest common divisor of k and i.
13
Suppose -159*b + 164*b - 490 = 0. What is the highest common factor of 637 and b?
49
Suppose -3*w = a + 4*a - 30, a - 50 = -5*w. Calculate the greatest common divisor of w and 370.
10
Let m(v) = v**2 + 5*v + 11. Let r be m(-6). Let y(a) = 137*a**2 - a - 2. Let x be y(-1). What is the greatest common factor of x and r?
17
Let i be (4/6)/((-3593)/(-513) - 7). What is the greatest common factor of 9 and i?
9
Let o(j) = 66*j + 151. Let q be o(-2). Calculate the highest common divisor of 304 and q.
19
Suppose k - 4 = -0*k. Suppose 34 + 30 = k*l. Let g = 569 + -393. What is the highest common divisor of l and g?
16
Suppose 0 = -18*b + 15*b - 4*j + 179, 0 = -4*b - 4*j + 236. What is the greatest common divisor of 114 and b?
57
Let i = 3 - 3. Suppose 5*n + 4*f - 67 - 313 = i, 0 = f + 5. What is the highest common divisor of 10 and n?
10
Suppose 5632*z - 1312 = 5628*z. Calculate the highest common divisor of z and 16.
8
Suppose q = 3*q - 112. Suppose 39*s = -9*s + 3360. What is the highest common divisor of q and s?
14
Let r be (-9*(-40)/(-24))/(-5). Suppose 0 = -w - w + 96. What is the greatest common factor of r and w?
3
Let a = -448 + 559. What is the greatest common divisor of a and 185?
37
Let w = 19 + -16. Let a be ((-1)/(-2))/(4/(-8)) + 7. What is the highest common divisor of a and w?
3
Let o(q) = 2*q**3 + 30*q**2 - 8*q - 81. Let r be o(-14). What is the greatest common factor of 47 and r?
47
Let l = 8 - 30. Let p = 32 + l. Calculate the highest common divisor of p and 30.
10
Let n be (-27)/((-162)/660)*22/10. What is the highest common factor of n and 110?
22
Let u be -1*10*(-5 + 3). Calculate the greatest common divisor of u and 1.
1
Let r = -51 - -62. Calculate the highest common factor of r and 24.
1
Let j be 1/3 - (-1)/(-9)*-267. Calculate the highest common factor of j and 135.
15
Let m(k) = k**3 - 18*k**2 - 15*k + 25. Let s be m(19). Let y = s - 85. Calculate the highest common factor of y and 80.
16
Let y(a) = -a + 14. Let f be y(13). Let n = 5 - f. Let d be 3 - -3 - (-8)/2. Calculate the greatest common divisor of n and d.
2
Let o be (3 + -8)/(-25) - (-18)/10. Suppose -4*u - 5*c + 64 = 0, -c = 5*u - o*c - 80. Calculate the highest common factor of 176 and u.
16
Let h be (17 - 14)/((-2)/(-10)). Suppose -4*v + h + 17 = 0. Let o be (0 + 7 + 1)*3. Calculate the highest common factor of v and o.
8
Suppose -4*o + 4*l - 3 = 1, 2*o + 4 = l. Let i(p) = -p**2 - 5*p. Let d be i(o). What is the highest common divisor of 42 and d?
6
Let l = 288 + -279. What is the highest common divisor of 2 and l?
1
Suppose 0 = -51*c + 53*c - 1350. Suppose -11*a + c = 4*a. What is the greatest common divisor of a and 30?
15
Let g(j) be the third derivative of j**2 + 0 + 1/24*j**4 + 17/6*j**3 + 0*j. Let a be g(-13). Calculate the greatest common divisor of a and 1.
1
Suppose -108 = -12*x + 9*x. What is the highest common divisor of x and 4?
4
Suppose 2*j - 18 - 20 = -3*h, 4*h - 3*j - 45 = 0. What is the highest common factor of h and 42?
6
Let g(a) = -a**3 + 16. Let x be g(0). Let f = -183 - -95. Let j be -10 + 5 - (f + 3). Calculate the greatest common factor of j and x.
16
Suppose -19*c + 6 = -13*c. Let d = -29 - -37. Calculate the highest common divisor of d and c.
1
Let w(v) = -2*v - 24. Let k be w(-16). Suppose 0 = -5*z - 2*h + 24, 11*z - 2*h - k = 8*z. Calculate the highest common factor of z and 16.
4
Let p = -16 + 22. Let g(d) = 2*d**3 - 2 - 5*d**3 + 0*d**3 + 4*d**3 - 4*d**2 - 8*d. Let l be g(p). Calculate the highest common factor of 55 and l.
11
Let n = 3 + -24. Let g = n - -87. What is the highest common divisor of 99 and g?
33
Suppose 185*k = 191*k - 7272. Calculate the highest common divisor of k and 12.
12
Suppose -v - 5*c + c = -1193, 0 = 2*c - 8. What is the greatest common factor of v and 22?
11
Let p(o) = -o**3 - 6*o**2 - 5*o + 6. Let l(c) = -2*c + 3. Let x be l(4). Let t be p(x). Suppose a + t - 22 = 0. What is the highest common divisor of 24 and a?
8
Let n(w) = -w**3 + 6*w**2 + 3*w + 26. Let c be n(6). Calculate the greatest common factor of c and 242.
22
Let r = -248 - -266. What is the highest common divisor of r and 6?
6
Let r = 247 + -154. Calculate the greatest common divisor of r and 837.
93
Let r be -1 + 3/12 + (-6)/(-8). Suppose 2*u - 7*u + 25 = 0. Suppose 2